
-123 (base 4) to base 9
-30
What is 0 (base 12) in base 16?
0
-14 (base 16) to base 14
-16
What is -3c (base 16) in base 6?
-140
What is 1 (base 5) in base 12?
1
What is 7 (base 15) in base 12?
7
Convert 9 (base 10) to base 7.
12
Convert 11000 (base 2) to base 15.
19
Convert 4 (base 7) to base 6.
4
What is -72 (base 10) in base 8?
-110
What is 72 (base 14) in base 10?
100
Convert -5 (base 6) to base 11.
-5
What is 77 (base 12) in base 7?
160
Convert -a9 (base 16) to base 3.
-20021
3 (base 5) to base 11
3
1 (base 16) to base 4
1
What is -1123 (base 4) in base 16?
-5b
Convert 3 (base 9) to base 5.
3
What is -13 (base 8) in base 6?
-15
Convert 21 (base 16) to base 5.
113
Convert 21 (base 5) to base 9.
12
What is 124 (base 5) in base 13?
30
Convert 121 (base 3) to base 2.
10000
What is -110000100 (base 2) in base 11?
-323
What is 11 (base 2) in base 11?
3
Convert -20 (base 7) to base 16.
-e
13 (base 10) to base 15
d
What is -10 (base 12) in base 9?
-13
-3 (base 9) to base 7
-3
What is -3 (base 8) in base 10?
-3
-3 (base 6) to base 9
-3
0 (base 8) to base 11
0
27 (base 10) to base 12
23
-9d (base 14) to base 9
-164
1110 (base 3) to base 16
27
What is 100 (base 5) in base 11?
23
20 (base 6) to base 14
c
Convert 44 (base 5) to base 12.
20
Convert 41 (base 9) to base 14.
29
Convert 17 (base 11) to base 2.
10010
Convert -74 (base 15) to base 3.
-11001
What is 7 (base 8) in base 10?
7
What is -6 (base 14) in base 8?
-6
What is 2 (base 7) in base 12?
2
2 (base 9) to base 11
2
-121 (base 9) to base 8
-144
-4 (base 6) to base 10
-4
10 (base 13) to base 11
12
3c (base 16) to base 10
60
-15 (base 14) to base 4
-103
What is -6 (base 8) in base 12?
-6
0 (base 11) to base 3
0
6 (base 7) to base 10
6
Convert 1 (base 3) to base 16.
1
Convert 242 (base 8) to base 15.
ac
What is 21021 (base 3) in base 15?
d1
Convert 88 (base 13) to base 3.
11011
-434 (base 7) to base 12
-165
What is 30 (base 9) in base 7?
36
Convert 101 (base 2) to base 7.
5
Convert -4 (base 11) to base 8.
-4
What is -2 (base 9) in base 6?
-2
141 (base 14) to base 4
3331
Convert -10001 (base 2) to base 14.
-13
What is 4 (base 6) in base 10?
4
What is 8 (base 15) in base 8?
10
100121 (base 3) to base 16
103
What is 101110 (base 2) in base 15?
31
-108 (base 9) to base 10
-89
What is 8 (base 9) in base 16?
8
What is -3 (base 7) in base 5?
-3
-1112 (base 3) to base 2
-101001
Convert -222 (base 3) to base 6.
-42
-86 (base 10) to base 4
-1112
Convert -11001000 (base 2) to base 8.
-310
-15 (base 8) to base 7
-16
Convert 16 (base 9) to base 13.
12
Convert -a (base 16) to base 9.
-11
What is -2 (base 7) in base 4?
-2
Convert -223 (base 6) to base 16.
-57
-111 (base 2) to base 4
-13
What is -234 (base 5) in base 8?
-105
Convert 6 (base 15) to base 3.
20
Convert -2 (base 14) to base 7.
-2
1 (base 7) to base 12
1
What is 34 (base 11) in base 9?
41
What is -3 (base 12) in base 13?
-3
Convert -2 (base 15) to base 14.
-2
-110 (base 5) to base 10
-30
0 (base 3) to base 8
0
Convert -2 (base 14) to base 10.
-2
1 (base 3) to base 10
1
Convert 80 (base 12) to base 9.
116
Convert 78 (base 15) to base 13.
89
2 (base 4) to base 3
2
-45 (base 13) to base 9
-63
-2 (base 5) to base 12
-2
1a (base 12) to base 4
112
Convert 7 (base 8) to base 12.
7
-2 (base 12) to base 5
-2
Convert -3 (base 10) to base 6.
-3
What is 0 (base 5) in base 8?
0
What is 15 (base 7) in base 14?
c
Convert -38 (base 11) to base 6.
-105
Convert -3 (base 14) to base 11.
-3
What is 22 (base 4) in base 14?
a
Convert -a1 (base 12) to base 5.
-441
What is 10 (base 8) in base 10?
8
What is 5 (base 11) in base 16?
5
What is 314 (base 6) in base 12?
9a
What is -6 (base 7) in base 11?
-6
6 (base 14) to base 12
6
-25 (base 8) to base 7
-30
-3 (base 15) to base 7
-3
What is -3 (base 11) in base 16?
-3
-140 (base 6) to base 8
-74
Convert 0 (base 5) to base 11.
0
-17 (base 15) to base 5
-42
What is -97 (base 16) in base 4?
-2113
8e (base 15) to base 4
2012
9 (base 13) to base 12
9
Convert 1 (base 8) to base 3.
1
b (base 14) to base 6
15
-3 (base 15) to base 7
-3
-274 (base 9) to base 3
-22111
Convert -17 (base 8) to base 5.
-30
What is 332 (base 5) in base 2?
1011100
Convert -2 (base 13) to base 15.
-2
22 (base 4) to base 5
20
-12 (base 3) to base 8
-5
2 (base 3) to base 7
2
What is -5 (base 10) in base 7?
-5
What is 0 (base 9) in base 5?
0
0 (base 8) to base 15
0
Convert 0 (base 6) to base 3.
0
What is 3a (base 11) in base 5?
133
Convert 1 (base 8) to base 10.
1
217 (base 8) to base 16
8f
What is 3 (base 4) in base 8?
3
-23 (base 4) to base 15
-b
-23 (base 5) to base 2
-1101
What is -7a (base 12) in base 3?
-10111
What is 9b (base 15) in base 13?
b3
What is 111 (base 5) in base 4?
133
Convert -120 (base 11) to base 7.
-263
What is 66 (base 14) in base 9?
110
Convert 2 (base 13) to base 3.
2
What is 7 (base 12) in base 13?
7
Convert 2c (base 14) to base 16.
28
What is -10 (base 10) in base 7?
-13
What is 25 (base 11) in base 12?
23
Convert 3 (base 7) to base 14.
3
Convert -100100000 (base 2) to base 8.
-440
-1 (base 10) to base 12
-1
Convert 6 (base 7) to base 4.
12
Convert -130 (base 9) to base 7.
-213
Convert 6 (base 16) to base 6.
10
Convert -11f (base 16) to base 2.
-100011111
1d (base 14) to base 6
43
b (base 15) to base 13
b
Convert -1022 (base 6) to base 8.
-346
What is -10 (base 3) in base 9?
-3
What is -2 (base 9) in base 8?
-2
Convert 10 (base 8) to base 4.
20
What is 2 (base 12) in base 3?
2
What is -1 (base 9) in base 16?
-1
What is -1 (base 7) in base 5?
-1
f (base 16) to base 6
23
What is -133 (base 4) in base 15?
-21
What is 17 (base 11) in base 7?
24
5 (base 8) to base 12
5
-5a (base 11) to base 4
-1001
Convert -1 (base 11) to base 12.
-1
Convert 4 (base 7) to base 16.
4
What is 10 (base 9) in base 3?
100
Convert 1200 (base 3) to base 8.
55
Convert 6 (base 12) to base 8.
6
Convert -35 (base 6) to base 13.
-1a
What is -4 (base 16) in base 15?
-4
Convert 40 (base 6) to base 14.
1a
What is 3 (base 6) in base 16?
3
-1000 (base 2) to base 15
-8
Convert -2 (base 16) to base 11.
-2
Convert 5 (base 16) to base 6.
5
Convert -61 (base 9) to base 14.
-3d
Convert 1 (base 4) to base 11.
1
Convert -1b5 (base 12) to base 10.
-281
Convert -1 (base 16) to base 2.
-1
What is 2a (base 13) in base 11?
33
Convert -22011 (base 3) to base 15.
-ea
What is 46 (base 15) in base 3?
2110
Convert -3 (base 10) to base 13.
-3
5 (base 14) to base 5
10
58 (base 15) to base 4
1103
Convert -15 (base 7) to base 16.
-c
What is -177 (base 8) in base 13?
-9a
1 (base 15) to base 13
1
-11 (base 7) to base 11
-8
Convert 2 (base 11) to base 7.
2
What is -3 (base 8) in base 11?
-3
Convert -2 (base 7) to base 16.
-2
What is -95 (base 12) in base 15?
-78
1 (base 14) to base 3
1
What is -3 (base 8) in base 16?
-3
Convert b8 (base 13) to base 4.
2113
Convert 3 (base 10) to base 13.
3
Convert -4 (base 14) to base 6.
-4
-21 (base 12) to base 14
-1b
What is 0 (base 6) in base 11?
0
Convert -23 (base 16) to base 11.
-32
5 (base 13) to base 2
101
8 (base 14) to base 6
12
What is -5 (base 15) in base 10?
-5
What is -103 (base 6) in base 3?
-1110
What is 18 (base 14) in base 13?
19
10 (base 6) to base 14
6
Convert -6 (base 16) to base 4.
-12
What is 5 (base 7) in base 2?
101
What is 2d (base 15) in base 13?
34
Convert -2 (base 4) to base 10.
-2
What is -7 (base 12) in base 4?
-13
What is -2 (base 12) in base 11?
-2
Convert 2021 (base 3) to base 12.
51
3 (base 12) to base 14
3
What is 122 (base 6) in base 16?
32
Convert 20 (base 5) to base 3.
101
4 (base 16) to base 13
4
-2 (base 4) to base 3
-2
What is -100 (base 6) in base 16?
-24
308 (base 9) to base 14
13d
116 (base 11) to base 3
12010
What is 0 (base 3) in base 16?
0
6 (base 12) to base 10
6
-31 (base 7) to base 9
-24
Convert -a (base 12) to base 7.
-13
What is 22 (base 14) in base 7?
42
2 (base 8) to base 9
2
What is -15 (base 12) in base 6?
-25
-1 (base 9) to base 13
-1
15 (base 12) to base 8
21
-1a (base 11) to base 7
-30
Convert -2 (base 13) to base 12.
-2
What is -23 (base 4) in base 7?
-14
What is -5 (base 10) in base 12?
-5
Convert 4 (base 11) to base 9.
4
-c2 (base 15) to base 13
-110
Convert -13 (base 8) to base 14.
-b
Convert 3 (base 14) to base 2.
11
Convert 8a (base 11) to base 9.
118
0 (base 4) to base 10
0
-1101 (base 3) to base 